- 2*s + 1. Let o(r) = 83047*r**3 - 2 + 2 - 83049*r**3. Let j(p) = k(p) + 6*o(p). Calculate j(1).
-36
Let p(u) = -4*u - 9. Let z be p(-6). Let w(a) be the first derivative of a**3/3 - 15*a**2/2 - 6*a - 14383. Give w(z).
-6
Let k(f) = 4*f - 15. Let h be 5/(15/4)*33*(-736)/(-2944). Determine k(h).
29
Let m(g) = -57*g**3 + 10*g**2 - 134*g + 13. Let d(x) = 38*x**3 - 7*x**2 + 94*x - 9. Let q(z) = 10*d(z) + 7*m(z). Calculate q(-1).
18
Let z = -36820 + 36802. Let k(f) = 2*f**2 + 31*f - 85. Calculate k(z).
5
Let r(s) = -s - 20 - 11*s - 7*s - 2*s**3 - 181294*s**2 + 181255*s**2. Determine r(-19).
-20
Let i(y) = -5*y - 31. Let l(k) = 120*k - 3011. Let t be l(25). What is i(t)?
24
Let l = -28 + 24. Let w(h) = 5*h + 11. Let k(z) = z. Let p(m) = l*k(m) + w(m). Calculate p(-13).
-2
Let k = 11106 - 11107. Let a(z) = -29*z - 2. Give a(k).
27
Let f(r) be the second derivative of r**4/6 - 7*r**3/2 + 3*r**2/2 + 227*r. Give f(10).
-7
Let t(z) = 6*z - 29. Let l(h) = 18*h - 98. Let d(a) = 2*l(a) - 7*t(a). Calculate d(8).
-41
Let s(v) = -v**3 + 2*v**2 + 4*v. Suppose k + 12 = 3*k + 5*w, -2*k - 4*w = -12. Let i be (2 - 5) + (4 - (k - 8)). What is s(i)?
3
Let y(u) = 4*u + 52. Let f be (((-1080)/25)/(-18))/((-9)/60). Determine y(f).
-12
Let n(l) = -329 + 162*l - 157*l + l**2 + 338. Let i = -13 + 9. Give n(i).
5
Let l(s) be the third derivative of s**4/24 + s**3/2 + 2*s**2. Let a be l(-1). Let n(v) = -3*v + 13 - 7 + 4*v**2 - 6 - v**3. Calculate n(a).
2
Let d(q) = -35*q**3 - 5*q**2 + 3*q + 8. Let f(v) = 23*v**3 + 6*v**2 - 2*v - 3. Let l(s) = -2*d(s) - 3*f(s). Let c be (4*2)/(2 - 1). Give l(c).
-7
Let j = -3 + 3. Let u(r) = r**2 + 7*r - 2. Let d(p) = 14*p - 8*p + p**2 + 8 - 9. Let n(o) = 6*d(o) - 5*u(o). Give n(j).
4
Let f(p) be the second derivative of p**5/20 + p**4/3 - 2*p**3/3 - 9*p**2/2 + 28*p. Give f(-4).
7
Let b be (0/(-3))/(6 - 5). Suppose -4*q + 2*a - a = 185, b = 4*q - 2*a + 182. Let j = q - -54. Let s(t) = -t + 17. Determine s(j).
10
Let a(i) = 14*i + 100. Let l(p) = -155*p - 627. Let c be l(-4). Determine a(c).
2
Let v(g) = 2*g + 2. Let q(p) = 11*p + 15. Let o = -159 - -164. Let x(w) = o*v(w) - q(w). Give x(-6).
1
Let m(l) = l**2 + 3*l + 4. Suppose -10*v = -47 - 73. Let o be v/90 + (-2014)/30. Let d = o - -63. What is m(d)?
8
Let r(b) = 2*b + 18. Let c(t) = 42*t - 339. Let i be c(19). Let l = i - 472. Give r(l).
-8
Let o(u) = 4*u + 101. Let d(h) = -h**2 + 65*h - 381. Let q be d(59). Calculate o(q).
-7
Let u(w) = 372 - 209*w + 350 + 208*w - 716. Let n be 1 - -1 - (-4)/1. Calculate u(n).
0
Let c(n) = -4*n - 58. Let p be c(-16). Suppose -6*y - 2*w = -7*y + p, -w = -5*y + 30. Suppose 8*s = 7*s - y*s. Let t(v) = v**3 - v**2 - 9. Calculate t(s).
-9
Let r(n) be the third derivative of -n**4/24 - n**3/2 + 1416*n**2. Calculate r(2).
-5
Let s be (-1 + 4)/((-6)/(-10)). Let a be (-9)/12 - 81/(-12). Let f(w) = w - 2126*w**2 - a*w + 2127*w**2 + 3. Give f(s).
3
Let y(r) = -r**3 - 7*r**2 + 1. Let m = 15245 + -15253. Give y(m).
65
Let u(h) = -h**2 + 4*h + 24. Let r be u(6). Let o(v) = -r + 14 - 6 - 5*v - 5. Determine o(-6).
21
Let m(y) = -3*y**3 - 7*y**2 + 8*y - 59. Let l be m(-7). Let j = 574 - l. Let b(w) = w + 6. Calculate b(j).
9
Let p(v) = v**3 + 6*v**2 - 100*v - 602. Let i be p(-6). Let a(w) = 4*w + 2. Let x(h) = -h - 1. Let m(c) = a(c) + 3*x(c). What is m(i)?
-3
Let j(t) = 0*t**2 - 2*t**2 + t**3 + 2*t + 0*t**3 + 2 + 4*t**2. Suppose 322 - 100 = 6*d. Let u = -39 + d. Calculate j(u).
-2
Let z = -171058 - -171065. Let k(g) = -4*g - 3*g + 2*g**2 - 8 + g**3 - 8*g**2. Calculate k(z).
-8
Suppose 2*i + 2*i = -4*v + 36, 3*i - 9 = 0. Let g = 26 + 36. Let d(b) = 2 + g*b - 61*b - 6. Give d(v).
2
Let s(m) be the first derivative of 2*m**3/3 - 13*m**2/2 + 10*m - 722. Give s(8).
34
Let h(c) be the second derivative of 5*c**3/3 - c**2 + 5*c - 51. Let y = -107 + 108. What is h(y)?
8
Let s(w) = -40*w - 166. Suppose 26 = -5*r - c, -8*r = -10*r + 3*c + 10. Determine s(r).
-6
Let p = -502 + 518. Suppose 11 = -h - 3*y, -4 + 0 = 4*h + 4*y. Let z(o) = h*o + 11*o - p*o - 1. Give z(3).
-4
Let k = 58 + -51. Let y(l) = l**2 - 2*l + 1. Let q(h) = -3*h**2 + 13*h - 19. Let r(v) = -q(v) - 2*y(v). What is r(k)?
3
Let k(j) = 31*j - 80. Let l(b) = -32*b + 109. Let g(v) = -4*k(v) - 3*l(v). Calculate g(1).
-35
Let u(p) be the second derivative of 1/6*p**3 - 100*p + 0 - 9/2*p**2. Calculate u(8).
-1
Let c(q) be the second derivative of -7*q**3/2 + 157*q**2/2 - 18*q + 155. Calculate c(8).
-11
Let s(t) = -t**3 - 5*t**2 - 28*t - 25. Let k be s(-1). Let d(z) = -2*z**3 + z**2 + 4*z + 2. Give d(k).
1
Let v(u) = -u + 19. Let n(i) = 2. Let g = -171 + 177. Let f(o) = g*n(o) - v(o). What is f(14)?
7
Suppose -17*r = -32*r - 90. Let o(s) = -67*s - 2 + s**3 + 5*s**2 + 63*s + 0*s**3. Determine o(r).
-14
Let l(j) be the third derivative of -j**7/2520 + 7*j**6/720 + j**5/24 - 7*j**4/24 - j**3/2 + j**2 + 7. Let m(i) be the second derivative of l(i). Give m(6).
11
Let y(r) be the second derivative of r**5/20 + r**4/4 - 2*r**3/3 + r**2/2 + 927*r. Determine y(-5).
-29
Let l(u) = -6*u + 25 + 590*u**2 - 587*u**2 - 21. What is l(5)?
49
Let s(f) = 3 - 23*f + 3*f + 0*f. Suppose -16*t + 344 = 156*t. What is s(t)?
-37
Let l = 38 + -33. Suppose l*j + 6 = 41. Let u(v) = j*v + 6*v + 5 - v**2 - 8*v. Determine u(6).
-1
Let c(a) = -12*a + 65. Let o = 2096 - 2090. Determine c(o).
-7
Suppose -5*j = -f - 26 + 5, 0 = -2*j + f + 12. Let a(o) = -5*o**3 + 13*o**2 + 3*o + 3. Calculate a(j).
-6
Let t(z) be the first derivative of 1/3*z**3 + 7 + 5/2*z**2 - z. Calculate t(-3).
-7
Suppose 3*w = -2*j + 29, 70 = 2*j + 2*j + 2*w. Suppose 3*k + 3*f - 7*f - j = 0, -4*k + 2*f + 12 = 0. Let x(h) = 2*h**2 + 3*h - 1. Give x(k).
4
Let o(p) = -16*p**2 + 1. Let z(s) = 0 + 1 - 15*s**2 + 47*s**2 - 14*s**2 - 2*s**3. Let h be z(9). Calculate o(h).
-15
Suppose 5*w = 5*d + 21 + 14, -3*d - 5*w = -27. Let l(g) = -5*g**2 - 1. Give l(d).
-6
Let x(n) = -28*n**2 - 2*n + 34. Let z(u) = 14*u**2 + u - 15. Let o(f) = 3*x(f) + 7*z(f). What is o(-2)?
51
Let m be 8/18*13365/270. Let v(u) = -u + 30. Determine v(m).
8
Suppose h = 3*h - 8. Let v(r) = -5 + 5*r - 2*r + h + 2. Suppose c + 2*o = 21, 18*o = 16*o + 18. Calculate v(c).
10
Let m = 15466 + -15438. Let b(f) = -6*f + 169. Determine b(m).
1
Let o(r) = -15 - 201*r + 134*r + 76*r. Determine o(2).
3
Let q(i) = -2*i**3 - 5*i + 7*i**2 + 16*i + 10 + 3*i**3 + 0*i + 23. What is q(-6)?
3
Suppose -4*g - 25 = -28 + 87. Let m(d) = d**2 + 22*d + 12. Give m(g).
-9
Let o(r) = -42*r**2 - 51*r - 3. Let l(g) = 18*g**2 + 20*g + 1. Let z(a) = -12*l(a) - 5*o(a). Calculate z(3).
-6
Let y(p) = 102*p - 213. Let x(f) = -72*f + 214. Let t(q) = 4*x(q) + 3*y(q). What is t(-12)?
1
Let c(f) = -f - 1. Let w(q) = 6*q + q - 10*q**2 + 6 + q**3 + 8*q. Let v be w(8). Let y be (v - 144/(-75))*-5*15. Determine c(y).
-7
Let x(z) = 0 - 3*z + 16 - 9. Suppose -4*r = 5*n - 11, 5*r - 5*n + 7*n - 35 = 0. Let j be (2 - (-29)/r) + (-18)/81. Calculate x(j).
-8
Suppose -157*c - 34 - 920 = 145. Let d(q) = -q**2 + 16*q + 12. What is d(c)?
-149
Let z(t) = t**3 + 5*t**2 + 4*t + 3. Let d = 73 - -29. Let f = d - 105. Give z(f).
9
Let a(i) = 5*i**2 + 11*i + 147. Let g(z) = -z**2 - 3*z - 35. Let p(l) = -2*a(l) - 9*g(l). Determine p(9).
-15
Let z = -47 + 52. Suppose -l + 3 = -0*q - q, -z*q = 5*l - 45. Let n(s) = s + 9. What is n(l)?
15
Let z(v) be the second derivative of -v**7/56 - v**6/180 - v**5/60 - v**4/24 - 104*v**3/3 + 141*v. Let y(p) be the second derivative of z(p). Give y(-1).
14
Let i(v) = 8*v - 13. Let b be (-9)/(-2)*22/33. Let q be i(b). Let s(o) = -10 - 7*o + o**2 - q + 22 - 8. What is s(8)?
1
Let f = -11 + 16. Let u(h) = 63 - 7 + h - 55. Determine u(f).
6
Let u(d) = -220*d**2 + 36*d - 91. Let v(m) = 49*m**2 - 9*m + 23. Let h(l) = 4*u(l) + 18*v(l). Calculate h(5).
10
Let d(s) = -23*s + 3. Let t(z) = -70*z. Let f(r) = 3*d(r) - t(r). Let u = -39 - -28. Give f(u).
-2
Let c(h) = -h**3 + 4 + 8*h - 5 - 6*h + 5*h**2. Let a(z) = -4*z - 26. Let v be a(5). Let q = 51 + v. Determine c(q).
9
Let a(i) = -11 - 3*i + 0 + 4 + 3. Let n(l) = -19*l**3 - 2*l - 1. Let u be n(-1). Let t be ((-6)/(-5))/((-6)/u). Give a(t).
8
Let j(q) = 4*q**2 + 18*q + 27. Let h be j(-3). Let b(y) be the second derivative of y**5/20 - 2*y**4/3 - 7*y**3/6 - 11*y**2/2 - 13*y. Calculate b(h).
7
Let z be (-20)/(-3) -